t is the greatest common factor of 570843 and 195?
39
What is the highest common divisor of 23649 and 9?
3
What is the greatest common divisor of 133 and 1701?
7
Calculate the greatest common factor of 115239 and 57081.
1077
Calculate the greatest common divisor of 332612 and 21.
7
What is the highest common divisor of 2 and 66053?
1
Calculate the highest common divisor of 27 and 6598773.
27
Calculate the greatest common divisor of 40 and 1928.
8
What is the highest common factor of 610754 and 14?
2
What is the greatest common divisor of 1015761 and 74?
37
What is the highest common divisor of 12965354 and 386?
386
What is the highest common factor of 31168 and 32?
32
What is the greatest common factor of 522 and 153?
9
What is the greatest common divisor of 24 and 2069940?
12
Calculate the highest common factor of 52776 and 1224.
72
What is the greatest common divisor of 228 and 756?
12
Calculate the greatest common factor of 14140 and 280.
140
What is the highest common divisor of 465 and 30180?
15
What is the highest common factor of 20235 and 456?
57
What is the highest common factor of 200 and 93850?
50
What is the highest common factor of 918 and 4556?
34
What is the highest common factor of 126945 and 126?
63
What is the greatest common factor of 8825 and 100?
25
Calculate the greatest common factor of 25149868 and 68.
68
What is the greatest common divisor of 78 and 180726?
78
What is the highest common factor of 36029 and 7?
7
What is the greatest common factor of 91400 and 60?
20
Calculate the highest common divisor of 282698 and 166.
166
What is the highest common factor of 207303 and 387?
129
Calculate the greatest common divisor of 1520 and 71056.
16
Calculate the highest common divisor of 16907 and 742.
53
What is the greatest common factor of 20616 and 357?
3
Calculate the highest common factor of 1416 and 80889.
177
What is the highest common factor of 70728 and 24?
24
What is the highest common factor of 147700 and 19412?
844
What is the greatest common factor of 63087 and 51?
51
What is the highest common factor of 134166 and 1947?
177
Calculate the highest common factor of 1638 and 3458.
182
Calculate the greatest common divisor of 1280 and 201920.
320
What is the greatest common factor of 28 and 2851184?
28
What is the highest common factor of 272 and 69044?
4
Calculate the greatest common divisor of 69 and 1186984.
23
What is the greatest common divisor of 3213 and 3672?
459
Calculate the highest common divisor of 47784 and 9768.
264
Calculate the highest common divisor of 26 and 1766986.
26
Calculate the highest common factor of 1632 and 459.
51
Calculate the highest common divisor of 1330266 and 532.
266
What is the greatest common factor of 13 and 29159?
13
What is the greatest common divisor of 174627 and 9?
9
Calculate the highest common divisor of 22 and 2064568.
22
Calculate the highest common factor of 24 and 397200.
24
What is the highest common factor of 144 and 7902?
18
Calculate the greatest common factor of 32 and 617224.
8
What is the highest common divisor of 693 and 3717?
63
Calculate the greatest common factor of 10 and 104990.
10
What is the highest common divisor of 2924 and 15050?
86
What is the greatest common divisor of 117248 and 2977?
229
What is the greatest common divisor of 282 and 50478?
282
What is the greatest common factor of 18 and 6339015?
9
Calculate the highest common divisor of 252 and 217824.
12
What is the highest common factor of 5368 and 528077?
671
Calculate the greatest common factor of 8256 and 232.
8
Calculate the greatest common divisor of 160132 and 196.
196
Calculate the greatest common factor of 1815267 and 262.
131
What is the highest common divisor of 219791 and 3509?
319
Calculate the greatest common divisor of 128 and 72272.
16
Calculate the greatest common factor of 178 and 6057874.
178
Calculate the highest common factor of 3020 and 124.
4
What is the highest common factor of 72 and 503055?
9
What is the highest common divisor of 8975 and 250?
25
Calculate the greatest common factor of 172438 and 42.
14
What is the highest common factor of 10530 and 1040?
130
Calculate the greatest common divisor of 750600 and 556.
556
Calculate the highest common divisor of 3 and 266340.
3
Calculate the highest common divisor of 128972 and 304.
76
What is the greatest common divisor of 201333 and 11?
11
What is the greatest common factor of 124 and 8796?
4
What is the greatest common factor of 20178 and 48222?
342
Calculate the highest common divisor of 714240 and 527.
31
What is the greatest common factor of 17949 and 15?
3
What is the greatest common divisor of 2552277 and 273?
273
What is the highest common divisor of 168610 and 50?
10
Calculate the highest common factor of 1022 and 2576.
14
Calculate the greatest common divisor of 5984 and 25245.
187
What is the greatest common factor of 195500 and 3060?
340
What is the highest common factor of 295720 and 110?
10
What is the highest common divisor of 693 and 14385?
21
What is the highest common divisor of 2065696 and 32?
32
What is the highest common divisor of 717 and 87474?
717
Calculate the highest common factor of 9160 and 1300.
20
What is the highest common divisor of 3035 and 70?
5
What is the highest common divisor of 16590 and 50086?
158
What is the greatest common factor of 7807 and 1369?
37
Calculate the highest common divisor of 7455 and 90.
15
Calculate the highest common divisor of 615999 and 10908.
303
What is the greatest common divisor of 108 and 2619?
27
What is the highest common divisor of 16 and 7184?
16
What is the greatest common factor of 7770 and 925?
185
Calculate the highest common factor of 17 and 2217871.
17
What is the greatest common divisor of 182580 and 51?
51
Calculate the highest common divisor of 39178 and 22249.
19
What is the greatest common divisor of 27 and 26211?
3
What is the highest common factor of 29 and 423110?
29
Calculate the highest common factor of 94 and 177566.
94
Calculate the greatest common factor of 17 and 1048203.
17
What is the greatest common factor of 474753 and 3?
3
Calculate the greatest common divisor of 20480 and 10496.
256
Calculate the greatest common factor of 777689 and 19.
19
What is the greatest common divisor of 22355 and 1360?
85
Calculate the highest common divisor of 6912 and 621.
27
Calculate the highest common factor of 38834 and 1.
1
What is the highest common divisor of 414 and 50186?
46
Calculate the highest common divisor of 858 and 13182.
78
What is the greatest common divisor of 5295 and 3598835?
1765
What is the greatest common factor of 16303 and 238?
119
Calculate the highest common factor of 8 and 6791488.
8
What is the highest common divisor of 3032 and 10400?
8
What is the highest common divisor of 2340 and 1160445?
195
What is the greatest common divisor of 215 and 156692?
43
What is the highest common factor of 9 and 11070?
9
What is the greatest common factor of 12 and 382587?
3
Calculate the highest common divisor of 1148 and 181097.
287
Calculate the highest common factor of 57868 and 136.
68
Calculate the greatest common factor of 128102 and 1014.
338
What is the highest common divisor of 1518 and 21390?
138
Calculate the greatest common divisor of 14179 and 1320.
11
What is the greatest common divisor of 6652917 and 387?
387
What is the highest common factor of 143922 and 12201?
249
What is the highest common divisor of 18 and 49824?
18
What is the highest common divisor of 860 and 21680?
20
Calculate the highest common factor of 1 and 12541.
1
What is the greatest common factor of 4410 and 13818?
294
What is the highest common factor of 76397 and 951?
317
Calculate the greatest common factor of 28408 and 24.
8
What is the greatest common divisor of 365 and 776063?
73
What is the highest common divisor of 6315 and 47573?
421
Calculate the highest common factor of 55376 and 448.
16
Calculate the highest common factor of 66 and 17850.
6
Calculate the highest common divisor of 369040 and 350.
70
Calculate the highest common divisor of 55385 and 855.
95
Calculate the highest common divisor of 1225 and 57925.
175
Calculate the highest common divisor of 7362 and 146831.
409
Calculate the highest common divisor of 2158 and 911755.
1079
Calcu